{"id":3354,"date":"2024-08-21T14:00:08","date_gmt":"2024-08-21T17:00:08","guid":{"rendered":"https:\/\/escolachampagnat.com.br\/adamantina\/?page_id=3354"},"modified":"2024-08-21T14:02:45","modified_gmt":"2024-08-21T17:02:45","slug":"renovacao-de-bolsa-social","status":"publish","type":"page","link":"https:\/\/escolachampagnat.com.br\/adamantina\/renovacao-de-bolsa-social\/","title":{"rendered":"Renova\u00e7\u00e3o de bolsa social"},"content":{"rendered":"\t\t<div data-elementor-type=\"wp-page\" data-elementor-id=\"3354\" class=\"elementor elementor-3354\">\n\t\t\t\t\t\t<section class=\"elementor-section elementor-top-section elementor-element elementor-element-f73a01d elementor-section-boxed elementor-section-height-default elementor-section-height-default\" data-id=\"f73a01d\" data-element_type=\"section\" data-e-type=\"section\" data-settings=\"{&quot;background_background&quot;:&quot;classic&quot;}\">\n\t\t\t\t\t\t\t<div class=\"elementor-background-overlay\"><\/div>\n\t\t\t\t\t\t\t<div class=\"elementor-container elementor-column-gap-default\">\n\t\t\t\t\t<div class=\"elementor-column elementor-col-50 elementor-top-column elementor-element elementor-element-1fa249c\" data-id=\"1fa249c\" data-element_type=\"column\" data-e-type=\"column\">\n\t\t\t<div class=\"elementor-widget-wrap elementor-element-populated\">\n\t\t\t\t\t\t<div class=\"elementor-element elementor-element-18291be elementor-invisible elementor-widget elementor-widget-page-title\" data-id=\"18291be\" data-element_type=\"widget\" data-e-type=\"widget\" data-settings=\"{&quot;_animation&quot;:&quot;fadeInUp&quot;}\" data-widget_type=\"page-title.default\">\n\t\t\t\t<div class=\"elementor-widget-container\">\n\t\t\t\t\t\t\t\n\t\t<div class=\"hfe-page-title hfe-page-title-wrapper elementor-widget-heading\">\n\n\t\t\t\t\t\t\t\t\t\t\t<a href=\"https:\/\/escolachampagnat.com.br\/adamantina\">\n\t\t\t\t\t\t<h1 class=\"elementor-heading-title elementor-size-default\">\n\t\t\t\t\t\t\t\t\n\t\t\t\tRenova\u00e7\u00e3o de bolsa social  \n\t\t\t<\/h1 > \n\t\t\t\t\t\t\t\t\t<\/a>\n\t\t\t\t\t<\/div>\n\t\t\t\t\t\t<\/div>\n\t\t\t\t<\/div>\n\t\t\t\t<div class=\"elementor-element elementor-element-fa506df elementor-widget__width-initial elementor-widget elementor-widget-heading\" data-id=\"fa506df\" data-element_type=\"widget\" data-e-type=\"widget\" data-widget_type=\"heading.default\">\n\t\t\t\t<div class=\"elementor-widget-container\">\n\t\t\t\t\t<p class=\"elementor-heading-title elementor-size-default\">Confira os documentos\nnecess\u00e1rio para a solicita\u00e7\u00e3o\nda Bolsa Social 2025.<\/p>\t\t\t\t<\/div>\n\t\t\t\t<\/div>\n\t\t\t\t<div class=\"elementor-element elementor-element-7fd8d73 elementor-invisible elementor-widget elementor-widget-button\" data-id=\"7fd8d73\" data-element_type=\"widget\" data-e-type=\"widget\" data-settings=\"{&quot;_animation&quot;:&quot;fadeInUp&quot;}\" data-widget_type=\"button.default\">\n\t\t\t\t<div class=\"elementor-widget-container\">\n\t\t\t\t\t\t\t\t\t<div class=\"elementor-button-wrapper\">\n\t\t\t\t\t<a class=\"elementor-button elementor-button-link elementor-size-sm\" href=\"https:\/\/escolachampagnat.com.br\/adamantina\/wp-content\/uploads\/2024\/08\/Edital-de-Renovacao-de-Bolsa-Social-2025.pdf\" target=\"_blank\">\n\t\t\t\t\t\t<span class=\"elementor-button-content-wrapper\">\n\t\t\t\t\t\t\t\t\t<span class=\"elementor-button-text\">Clique aqui<\/span>\n\t\t\t\t\t<\/span>\n\t\t\t\t\t<\/a>\n\t\t\t\t<\/div>\n\t\t\t\t\t\t\t\t<\/div>\n\t\t\t\t<\/div>\n\t\t\t\t\t<\/div>\n\t\t<\/div>\n\t\t\t\t<div class=\"elementor-column elementor-col-50 elementor-top-column elementor-element elementor-element-8a29481\" data-id=\"8a29481\" data-element_type=\"column\" data-e-type=\"column\">\n\t\t\t<div class=\"elementor-widget-wrap elementor-element-populated\">\n\t\t\t\t\t\t<div class=\"elementor-element elementor-element-57ea134 elementor-invisible elementor-widget elementor-widget-image\" data-id=\"57ea134\" data-element_type=\"widget\" data-e-type=\"widget\" data-settings=\"{&quot;_animation&quot;:&quot;bounceIn&quot;}\" data-widget_type=\"image.default\">\n\t\t\t\t<div class=\"elementor-widget-container\">\n\t\t\t\t\t\t\t\t\t\t\t\t\t\t\t<img fetchpriority=\"high\" decoding=\"async\" width=\"569\" height=\"368\" src=\"https:\/\/escolachampagnat.com.br\/adamantina\/wp-content\/uploads\/2024\/08\/imagem-hero-4.png\" class=\"attachment-large size-large wp-image-3356\" alt=\"\" srcset=\"https:\/\/escolachampagnat.com.br\/adamantina\/wp-content\/uploads\/2024\/08\/imagem-hero-4.png 569w, https:\/\/escolachampagnat.com.br\/adamantina\/wp-content\/uploads\/2024\/08\/imagem-hero-4-200x129.png 200w\" sizes=\"(max-width: 569px) 100vw, 569px\" \/>\t\t\t\t\t\t\t\t\t\t\t\t\t\t\t<\/div>\n\t\t\t\t<\/div>\n\t\t\t\t\t<\/div>\n\t\t<\/div>\n\t\t\t\t\t<\/div>\n\t\t<\/section>\n\t\t\t\t<\/div>\n\t\t","protected":false},"excerpt":{"rendered":"<p>Renova\u00e7\u00e3o de bolsa social Confira os documentos necess\u00e1rio para a solicita\u00e7\u00e3o da Bolsa Social 2025. Clique aqui<\/p>\n","protected":false},"author":1,"featured_media":0,"parent":0,"menu_order":20,"comment_status":"closed","ping_status":"closed","template":"","meta":{"_acf_changed":false,"footnotes":""},"class_list":["post-3354","page","type-page","status-publish","hentry"],"acf":[],"yoast_head":"<!-- This site is optimized with the Yoast SEO plugin v27.4 - https:\/\/yoast.com\/product\/yoast-seo-wordpress\/ -->\n<title>Renova\u00e7\u00e3o de bolsa social - Escola Champagnat Adamantina - Experientes em educar. Especialistas em acolher.<\/title>\n<meta name=\"robots\" content=\"index, follow, max-snippet:-1, max-image-preview:large, max-video-preview:-1\" \/>\n<link rel=\"canonical\" href=\"https:\/\/escolachampagnat.com.br\/adamantina\/renovacao-de-bolsa-social\/\" \/>\n<meta property=\"og:locale\" content=\"pt_BR\" \/>\n<meta property=\"og:type\" content=\"article\" \/>\n<meta property=\"og:title\" content=\"Renova\u00e7\u00e3o de bolsa social - Escola Champagnat Adamantina - Experientes em educar. Especialistas em acolher.\" \/>\n<meta property=\"og:description\" content=\"Renova\u00e7\u00e3o de bolsa social Confira os documentos necess\u00e1rio para a solicita\u00e7\u00e3o da Bolsa Social 2025. Clique aqui\" \/>\n<meta property=\"og:url\" content=\"https:\/\/escolachampagnat.com.br\/adamantina\/renovacao-de-bolsa-social\/\" \/>\n<meta property=\"og:site_name\" content=\"Escola Champagnat Adamantina - Experientes em educar. Especialistas em acolher.\" \/>\n<meta property=\"article:publisher\" content=\"https:\/\/www.facebook.com\/EscolaChampagnatAdamantina\" \/>\n<meta property=\"article:modified_time\" content=\"2024-08-21T17:02:45+00:00\" \/>\n<meta property=\"og:image\" content=\"https:\/\/escolachampagnat.com.br\/adamantina\/wp-content\/uploads\/2024\/08\/imagem-hero-4.png\" \/>\n<meta name=\"twitter:card\" content=\"summary_large_image\" \/>\n<meta name=\"twitter:label1\" content=\"Est. tempo de leitura\" \/>\n\t<meta name=\"twitter:data1\" content=\"1 minuto\" \/>\n<script type=\"application\/ld+json\" class=\"yoast-schema-graph\">{\"@context\":\"https:\\\/\\\/schema.org\",\"@graph\":[{\"@type\":\"WebPage\",\"@id\":\"https:\\\/\\\/escolachampagnat.com.br\\\/adamantina\\\/renovacao-de-bolsa-social\\\/\",\"url\":\"https:\\\/\\\/escolachampagnat.com.br\\\/adamantina\\\/renovacao-de-bolsa-social\\\/\",\"name\":\"Renova\u00e7\u00e3o de bolsa social - Escola Champagnat Adamantina - Experientes em educar. Especialistas em acolher.\",\"isPartOf\":{\"@id\":\"https:\\\/\\\/escolachampagnat.com.br\\\/adamantina\\\/#website\"},\"primaryImageOfPage\":{\"@id\":\"https:\\\/\\\/escolachampagnat.com.br\\\/adamantina\\\/renovacao-de-bolsa-social\\\/#primaryimage\"},\"image\":{\"@id\":\"https:\\\/\\\/escolachampagnat.com.br\\\/adamantina\\\/renovacao-de-bolsa-social\\\/#primaryimage\"},\"thumbnailUrl\":\"https:\\\/\\\/escolachampagnat.com.br\\\/adamantina\\\/wp-content\\\/uploads\\\/2024\\\/08\\\/imagem-hero-4.png\",\"datePublished\":\"2024-08-21T17:00:08+00:00\",\"dateModified\":\"2024-08-21T17:02:45+00:00\",\"breadcrumb\":{\"@id\":\"https:\\\/\\\/escolachampagnat.com.br\\\/adamantina\\\/renovacao-de-bolsa-social\\\/#breadcrumb\"},\"inLanguage\":\"pt-BR\",\"potentialAction\":[{\"@type\":\"ReadAction\",\"target\":[\"https:\\\/\\\/escolachampagnat.com.br\\\/adamantina\\\/renovacao-de-bolsa-social\\\/\"]}]},{\"@type\":\"ImageObject\",\"inLanguage\":\"pt-BR\",\"@id\":\"https:\\\/\\\/escolachampagnat.com.br\\\/adamantina\\\/renovacao-de-bolsa-social\\\/#primaryimage\",\"url\":\"https:\\\/\\\/escolachampagnat.com.br\\\/adamantina\\\/wp-content\\\/uploads\\\/2024\\\/08\\\/imagem-hero-4.png\",\"contentUrl\":\"https:\\\/\\\/escolachampagnat.com.br\\\/adamantina\\\/wp-content\\\/uploads\\\/2024\\\/08\\\/imagem-hero-4.png\",\"width\":569,\"height\":368},{\"@type\":\"BreadcrumbList\",\"@id\":\"https:\\\/\\\/escolachampagnat.com.br\\\/adamantina\\\/renovacao-de-bolsa-social\\\/#breadcrumb\",\"itemListElement\":[{\"@type\":\"ListItem\",\"position\":1,\"name\":\"In\u00edcio\",\"item\":\"https:\\\/\\\/escolachampagnat.com.br\\\/adamantina\\\/\"},{\"@type\":\"ListItem\",\"position\":2,\"name\":\"Renova\u00e7\u00e3o de bolsa social\"}]},{\"@type\":\"WebSite\",\"@id\":\"https:\\\/\\\/escolachampagnat.com.br\\\/adamantina\\\/#website\",\"url\":\"https:\\\/\\\/escolachampagnat.com.br\\\/adamantina\\\/\",\"name\":\"Escola Champagnat - Adamantina\",\"description\":\"\",\"publisher\":{\"@id\":\"https:\\\/\\\/escolachampagnat.com.br\\\/adamantina\\\/#organization\"},\"alternateName\":\"Escola Champagnat - Adamantina\",\"potentialAction\":[{\"@type\":\"SearchAction\",\"target\":{\"@type\":\"EntryPoint\",\"urlTemplate\":\"https:\\\/\\\/escolachampagnat.com.br\\\/adamantina\\\/?s={search_term_string}\"},\"query-input\":{\"@type\":\"PropertyValueSpecification\",\"valueRequired\":true,\"valueName\":\"search_term_string\"}}],\"inLanguage\":\"pt-BR\"},{\"@type\":\"Organization\",\"@id\":\"https:\\\/\\\/escolachampagnat.com.br\\\/adamantina\\\/#organization\",\"name\":\"Escola Champagnat - Adamantina\",\"alternateName\":\"Escola Champagnat - Adamantina\",\"url\":\"https:\\\/\\\/escolachampagnat.com.br\\\/adamantina\\\/\",\"logo\":{\"@type\":\"ImageObject\",\"inLanguage\":\"pt-BR\",\"@id\":\"https:\\\/\\\/escolachampagnat.com.br\\\/adamantina\\\/#\\\/schema\\\/logo\\\/image\\\/\",\"url\":\"https:\\\/\\\/escolachampagnat.com.br\\\/adamantina\\\/wp-content\\\/uploads\\\/2024\\\/01\\\/social.jpg\",\"contentUrl\":\"https:\\\/\\\/escolachampagnat.com.br\\\/adamantina\\\/wp-content\\\/uploads\\\/2024\\\/01\\\/social.jpg\",\"width\":768,\"height\":600,\"caption\":\"Escola Champagnat - Adamantina\"},\"image\":{\"@id\":\"https:\\\/\\\/escolachampagnat.com.br\\\/adamantina\\\/#\\\/schema\\\/logo\\\/image\\\/\"},\"sameAs\":[\"https:\\\/\\\/www.facebook.com\\\/EscolaChampagnatAdamantina\",\"https:\\\/\\\/www.instagram.com\\\/escolachampagnatadamantina\\\/\",\"https:\\\/\\\/www.youtube.com\\\/channel\\\/UCWvjRELnqf5Y0_8fG8qYz3A\"]}]}<\/script>\n<!-- \/ Yoast SEO plugin. -->","yoast_head_json":{"title":"Renova\u00e7\u00e3o de bolsa social - Escola Champagnat Adamantina - Experientes em educar. Especialistas em acolher.","robots":{"index":"index","follow":"follow","max-snippet":"max-snippet:-1","max-image-preview":"max-image-preview:large","max-video-preview":"max-video-preview:-1"},"canonical":"https:\/\/escolachampagnat.com.br\/adamantina\/renovacao-de-bolsa-social\/","og_locale":"pt_BR","og_type":"article","og_title":"Renova\u00e7\u00e3o de bolsa social - Escola Champagnat Adamantina - Experientes em educar. Especialistas em acolher.","og_description":"Renova\u00e7\u00e3o de bolsa social Confira os documentos necess\u00e1rio para a solicita\u00e7\u00e3o da Bolsa Social 2025. Clique aqui","og_url":"https:\/\/escolachampagnat.com.br\/adamantina\/renovacao-de-bolsa-social\/","og_site_name":"Escola Champagnat Adamantina - Experientes em educar. Especialistas em acolher.","article_publisher":"https:\/\/www.facebook.com\/EscolaChampagnatAdamantina","article_modified_time":"2024-08-21T17:02:45+00:00","og_image":[{"url":"https:\/\/escolachampagnat.com.br\/adamantina\/wp-content\/uploads\/2024\/08\/imagem-hero-4.png","type":"","width":"","height":""}],"twitter_card":"summary_large_image","twitter_misc":{"Est. tempo de leitura":"1 minuto"},"schema":{"@context":"https:\/\/schema.org","@graph":[{"@type":"WebPage","@id":"https:\/\/escolachampagnat.com.br\/adamantina\/renovacao-de-bolsa-social\/","url":"https:\/\/escolachampagnat.com.br\/adamantina\/renovacao-de-bolsa-social\/","name":"Renova\u00e7\u00e3o de bolsa social - Escola Champagnat Adamantina - Experientes em educar. Especialistas em acolher.","isPartOf":{"@id":"https:\/\/escolachampagnat.com.br\/adamantina\/#website"},"primaryImageOfPage":{"@id":"https:\/\/escolachampagnat.com.br\/adamantina\/renovacao-de-bolsa-social\/#primaryimage"},"image":{"@id":"https:\/\/escolachampagnat.com.br\/adamantina\/renovacao-de-bolsa-social\/#primaryimage"},"thumbnailUrl":"https:\/\/escolachampagnat.com.br\/adamantina\/wp-content\/uploads\/2024\/08\/imagem-hero-4.png","datePublished":"2024-08-21T17:00:08+00:00","dateModified":"2024-08-21T17:02:45+00:00","breadcrumb":{"@id":"https:\/\/escolachampagnat.com.br\/adamantina\/renovacao-de-bolsa-social\/#breadcrumb"},"inLanguage":"pt-BR","potentialAction":[{"@type":"ReadAction","target":["https:\/\/escolachampagnat.com.br\/adamantina\/renovacao-de-bolsa-social\/"]}]},{"@type":"ImageObject","inLanguage":"pt-BR","@id":"https:\/\/escolachampagnat.com.br\/adamantina\/renovacao-de-bolsa-social\/#primaryimage","url":"https:\/\/escolachampagnat.com.br\/adamantina\/wp-content\/uploads\/2024\/08\/imagem-hero-4.png","contentUrl":"https:\/\/escolachampagnat.com.br\/adamantina\/wp-content\/uploads\/2024\/08\/imagem-hero-4.png","width":569,"height":368},{"@type":"BreadcrumbList","@id":"https:\/\/escolachampagnat.com.br\/adamantina\/renovacao-de-bolsa-social\/#breadcrumb","itemListElement":[{"@type":"ListItem","position":1,"name":"In\u00edcio","item":"https:\/\/escolachampagnat.com.br\/adamantina\/"},{"@type":"ListItem","position":2,"name":"Renova\u00e7\u00e3o de bolsa social"}]},{"@type":"WebSite","@id":"https:\/\/escolachampagnat.com.br\/adamantina\/#website","url":"https:\/\/escolachampagnat.com.br\/adamantina\/","name":"Escola Champagnat - Adamantina","description":"","publisher":{"@id":"https:\/\/escolachampagnat.com.br\/adamantina\/#organization"},"alternateName":"Escola Champagnat - Adamantina","potentialAction":[{"@type":"SearchAction","target":{"@type":"EntryPoint","urlTemplate":"https:\/\/escolachampagnat.com.br\/adamantina\/?s={search_term_string}"},"query-input":{"@type":"PropertyValueSpecification","valueRequired":true,"valueName":"search_term_string"}}],"inLanguage":"pt-BR"},{"@type":"Organization","@id":"https:\/\/escolachampagnat.com.br\/adamantina\/#organization","name":"Escola Champagnat - Adamantina","alternateName":"Escola Champagnat - Adamantina","url":"https:\/\/escolachampagnat.com.br\/adamantina\/","logo":{"@type":"ImageObject","inLanguage":"pt-BR","@id":"https:\/\/escolachampagnat.com.br\/adamantina\/#\/schema\/logo\/image\/","url":"https:\/\/escolachampagnat.com.br\/adamantina\/wp-content\/uploads\/2024\/01\/social.jpg","contentUrl":"https:\/\/escolachampagnat.com.br\/adamantina\/wp-content\/uploads\/2024\/01\/social.jpg","width":768,"height":600,"caption":"Escola Champagnat - Adamantina"},"image":{"@id":"https:\/\/escolachampagnat.com.br\/adamantina\/#\/schema\/logo\/image\/"},"sameAs":["https:\/\/www.facebook.com\/EscolaChampagnatAdamantina","https:\/\/www.instagram.com\/escolachampagnatadamantina\/","https:\/\/www.youtube.com\/channel\/UCWvjRELnqf5Y0_8fG8qYz3A"]}]}},"_links":{"self":[{"href":"https:\/\/escolachampagnat.com.br\/adamantina\/wp-json\/wp\/v2\/pages\/3354","targetHints":{"allow":["GET"]}}],"collection":[{"href":"https:\/\/escolachampagnat.com.br\/adamantina\/wp-json\/wp\/v2\/pages"}],"about":[{"href":"https:\/\/escolachampagnat.com.br\/adamantina\/wp-json\/wp\/v2\/types\/page"}],"author":[{"embeddable":true,"href":"https:\/\/escolachampagnat.com.br\/adamantina\/wp-json\/wp\/v2\/users\/1"}],"replies":[{"embeddable":true,"href":"https:\/\/escolachampagnat.com.br\/adamantina\/wp-json\/wp\/v2\/comments?post=3354"}],"version-history":[{"count":7,"href":"https:\/\/escolachampagnat.com.br\/adamantina\/wp-json\/wp\/v2\/pages\/3354\/revisions"}],"predecessor-version":[{"id":3363,"href":"https:\/\/escolachampagnat.com.br\/adamantina\/wp-json\/wp\/v2\/pages\/3354\/revisions\/3363"}],"wp:attachment":[{"href":"https:\/\/escolachampagnat.com.br\/adamantina\/wp-json\/wp\/v2\/media?parent=3354"}],"curies":[{"name":"wp","href":"https:\/\/api.w.org\/{rel}","templated":true}]}}